er when a is divided by 67?
59
Suppose -48 = -l + 2*k, 66 = 3*l - 2*k - 70. Calculate the remainder when 213 is divided by l.
37
Suppose -2*i + 30 = -18. Calculate the remainder when 320/i*(-9)/(-5) is divided by -4 - -2 - 22/(-2).
6
Let o(u) = 13*u**2 - 10*u - 67. What is the remainder when o(-11) is divided by 33?
32
Let c(q) = -2*q**3 - 5*q**2 - q - 2. Let i be c(-4). Suppose g - 32 = -4*a, 4*a - 10 = 5*g - i. Calculate the remainder when 22 is divided by g.
10
Let d(u) = -1 + 27*u + 0 + 3 - 22*u. Suppose r - 12 = -5*n, -n + 3*r = r + 2. Calculate the remainder when 34 is divided by d(n).
10
Suppose 0 = -0*l + 2*l + 4*i - 126, -2*i - 102 = -2*l. Calculate the remainder when 270 is divided by l.
50
Suppose f + 3 - 8 = 0. Suppose f*m = -3*r + 258, 4*r + 168 - 477 = 5*m. What is the remainder when r is divided by 21?
18
Suppose 83*u - 78*u = 15. Suppose -2*l + 5*t = u*l - 20, 0 = -l + 5*t + 8. Let w(h) = -3*h - 6. Calculate the remainder when w(-4) is divided by l.
0
Let n = -341 + 401. Calculate the remainder when n is divided by 13.
8
Let j(i) = 3*i**2 + i. Let x be j(-1). Suppose 5*d - 3*d - 140 = x*z, 4*z = d - 61. What is the remainder when d is divided by 38?
35
Let m = -1084 - -1111. Calculate the remainder when 125 is divided by m.
17
Let r = -1185 - -1186. Let o(t) = 1 - 2*t + 2 - 6. What is the remainder when o(-2) is divided by r?
0
Suppose -j = -2, -68 = -5*w - 0*j + j. What is the remainder when 167 is divided by (w - (3 - 6)) + (0 - 0)?
14
Suppose -46*s + 12 = -48*s. Let x = -20 - -44. Calculate the remainder when (4/s)/((-4)/x) is divided by 3.
1
Suppose -21*c + 8088 = -291. Calculate the remainder when c is divided by 50.
49
Let p = 55 - 116. Let c = -46 - p. Calculate the remainder when c is divided by 6.
3
Let c = -15 - -18. Let a be 1/c - (-10)/6. Suppose m - 88 = x + a*x, 5*x = m - 82. Calculate the remainder when m is divided by 25.
22
Suppose 0 = 5*b - 3*b + 40. Let y = -4 - b. What is the remainder when 29 is divided by y?
13
Suppose -150 = -21*c + 16*c. Calculate the remainder when c is divided by 8.
6
Let f = -22 - -34. Let z = f - 7. Calculate the remainder when 11 is divided by z/1 - 3/(-3).
5
Let o(q) = q**2 - 2*q - 2. Let u be ((-12)/(-18))/(1/6). Let p(m) = 2*m**3 - 5*m**2 + 7. Calculate the remainder when p(3) is divided by o(u).
4
Suppose -5*f + 259 = 2*k, -5*k + 2*f + 0*f + 575 = 0. Suppose 0*z + 9*z = k. Calculate the remainder when 25 is divided by z.
12
Suppose -749 = -3*d - 34*y + 39*y, 3*d + 5*y = 769. What is the remainder when d is divided by 43?
38
Let c = -2217 - -2266. What is the remainder when 62 is divided by c?
13
Suppose -3*w + 13 = -11. Suppose 624 = -2*m + 648. What is the remainder when m is divided by w?
4
Calculate the remainder when (-16)/12 - 3220/(-21) is divided by 57.
38
Let w = 316 - 291. What is the remainder when 29 is divided by w?
4
Let b(x) = 3*x - 16. Let w be b(6). Suppose -4*r = -5*n + 106, 2*n - 48 = r + w*r. What is the remainder when 34 is divided by n?
16
Let f be (14/8)/(8/32). Suppose -4*k + f*k = 30. Calculate the remainder when 19 is divided by k.
9
What is the remainder when (2080/120)/((-4)/(-30)) is divided by 4?
2
Let t = 1385 + -1340. Calculate the remainder when 58 is divided by t.
13
Suppose 0 = -14*g - 308 + 854. What is the remainder when 466 is divided by g?
37
Suppose -4*u - 14 = 3*o, 4*o + 2*u + 7 = -u. Suppose -o = -b - 3*z + 6, 2*z = 3*b - 79. What is the remainder when 45 is divided by b?
22
Suppose y - 6 = -y. Let o be (18 - -3) + y/(-3). Calculate the remainder when (-1)/5 - (-924)/o is divided by 17.
12
Let i(d) = 4*d**2 + 7*d - 90. What is the remainder when 173 is divided by i(6)?
77
Suppose 57*v - 1236 - 13299 = 0. Calculate the remainder when v is divided by 67.
54
Suppose 2*u = 18 + 4. Let p = 20 - u. Let i = 2973 - 2939. What is the remainder when i is divided by p?
7
Let q(i) = -i**2 + 8*i + 8. Suppose -3*h + 5*j = -106, -76 = -4*h + 2*h - 2*j. What is the remainder when h is divided by q(8)?
5
Let i = 163 - 147. Calculate the remainder when 124 is divided by i.
12
Suppose 0 = 44*q - 10*q - 1836. Calculate the remainder when 92 is divided by q.
38
Let g be (9/(-6))/(1/(-14)). Suppose -38*y = -39*y + g. What is the remainder when 83 is divided by y?
20
Suppose 4*q = 16 + 8. Let r be (q - 1)*8/(-5). Let v(b) = b**3 + 8*b**2 - 2*b - 6. What is the remainder when v(r) is divided by 3?
1
Suppose 15 - 75 = -20*w. Suppose 5*m = -17*s + 14*s + 50, 0 = w*m - 2*s - 11. What is the remainder when 12 is divided by m?
5
Let v(y) = -14*y - 43. Let o(l) = -5*l - 14. Let b(p) = 8*o(p) - 3*v(p). Calculate the remainder when 33 is divided by b(0).
16
Let b be 2/(-8) + (-21)/12. Let x(j) = -3*j - 4 + 11 - 4. Calculate the remainder when x(b) is divided by 5.
4
Let m = 4 - 2. Suppose t + 4 = 0, 5*g - m*g + 3*t = 18. Calculate the remainder when 29 is divided by g.
9
Suppose 56*g - 52 = 55*g. Calculate the remainder when 310 is divided by g.
50
Let x = 589 - 526. Calculate the remainder when 116 is divided by x.
53
Let d = 6 - 2. Let j = -41 + 43. Suppose -j = d*l - 46. Calculate the remainder when 54 is divided by l.
10
Calculate the remainder when 67 is divided by -179*(-4)/21 + (-128)/1344.
33
Suppose 0*t + 76 = 5*v - 2*t, 3*v = 2*t + 44. Suppose 23*d = 10*d + 2*d + 44. Calculate the remainder when v is divided by d.
0
Let l(d) = -2*d + 25. Let n be l(10). Suppose 4*g + 4*i - 42 = 2*g, 2*g + n*i = 42. What is the remainder when g is divided by 12?
9
Let y(h) be the first derivative of h**3/3 + 5*h**2/2 - 7*h - 2. Let m = 10 + 0. What is the remainder when y(-9) is divided by m?
9
Let a be (-2 + 7)*6/10. Let k = 21 + a. Suppose 3*d - 6*m + m - 123 = 0, 55 = d + 3*m. What is the remainder when d is divided by k?
22
Let h(n) = 73*n**2 - 1. Let g be h(-1). Let l = 1921 + -1914. Suppose -4*u - g = -l*u. What is the remainder when 47 is divided by u?
23
Suppose -4*t + 20 = 0, -4*t + 42 + 0 = 2*a. Suppose 0 = -2*g - 3*w + 9 + 3, 5*g - 2*w = a. Calculate the remainder when g is divided by 2.
1
Let d(n) = -n**2 - 8*n - 3. Suppose -23*c - 71 = -554. What is the remainder when c is divided by d(-5)?
9
Let p(a) = a**2 - 2*a - 3. Let i = 13 + -19. Let x be p(i). Let w = x + -8. Calculate the remainder when w is divided by 20.
17
Let r(f) = -37*f. Let v = 1 + -2. Let k = 92 - 72. Calculate the remainder when r(v) is divided by k.
17
Let r(g) = 7*g**2 + 2*g + 4. Let z(c) = -c**3 + 10*c**2 - 15*c + 79. What is the remainder when r(3) is divided by z(9)?
23
What is the remainder when ((-1)/8*-4)/((-1)/(-118)) is divided by 33?
26
Suppose -10*o + 8*o - 8 = 0. Let p = o + 20. Calculate the remainder when 30 is divided by p.
14
Let g(d) = -25*d - 4. Suppose 9*m - 2 = -11. What is the remainder when g(m) is divided by 8?
5
Let k = -601 + 615. What is the remainder when 94 is divided by k?
10
Suppose 0 = 5*o - 14*o + 765. Calculate the remainder when o is divided by 53.
32
Let s = 632 - 604. What is the remainder when (110/3)/(5/15) is divided by s?
26
Let m be ((-27)/(-18))/((-3)/(-10)). Suppose -3*s + m = -25. What is the remainder when (180/50)/(4/s) is divided by 5?
4
Let r = -254 - -268. Calculate the remainder when (-27)/(0 - 1) - 2 is divided by r.
11
Let r(d) = 17*d**2 + 3*d - 3. Calculate the remainder when r(3) is divided by (-1 + 1/3)/(86/(-5289)).
36
Let t(n) = 10*n**2 - 10*n + 5. Calculate the remainder when t(-3) is divided by 64.
61
What is the remainder when (6/(-24))/(8/(-7072)) is divided by 32?
29
Let l(v) = -2*v. Let h be l(2). Let z be -10*(10/h)/5. Suppose -486 = -z*k + 2*m, -4*m + 12 = 4*k - 388. What is the remainder when k is divided by 20?
18
Let p(t) = -10*t + 35. Let w = 131 + -137. Let n = 21 + 3. Calculate the remainder when p(w) is divided by n.
23
Suppose 0 = -m - 2*h + 18, -m + 9 = h - 4. Suppose -2*u = -v - 4*v - m, 2*u - 8 = -3*v. Calculate the remainder when u is divided by 2.
0
Calculate the remainder when 4 + (17/(-6))/(3/(-18)) is divided by 14.
7
Suppose 22*m - 9*m - 4901 = 0. Calculate the remainder when m is divided by 18.
17
Suppose 56*j = 33*j + 36*j - 494. Let g be 106/9 + (-2)/(-9). Let q = g - -8. What is the remainder when j is divided by q?
18
Suppose -s + 35 + 240 = 2*m, -2*m - 4*s + 278 = 0. What is the remainder when m is divide